{"id":1019,"date":"2024-04-16T18:55:07","date_gmt":"2024-04-16T18:55:07","guid":{"rendered":"http:\/\/danny-buller.com\/?page_id=1019"},"modified":"2025-10-09T08:40:07","modified_gmt":"2025-10-09T08:40:07","slug":"videos","status":"publish","type":"page","link":"http:\/\/danny-buller.com\/?page_id=1019","title":{"rendered":"VIDEOS"},"content":{"rendered":"\n<p>Zwei Menschen unter Millionen<\/p>\n\n\n\n<figure class=\"wp-block-embed is-type-video is-provider-youtube wp-block-embed-youtube wp-embed-aspect-16-9 wp-has-aspect-ratio\"><div class=\"wp-block-embed__wrapper\">\n<iframe loading=\"lazy\" title=\"Zwei Menschen unter Millionen | Danny Buller | Offizielles Musikvideo | Lieblingsschlager\" width=\"500\" height=\"281\" src=\"https:\/\/www.youtube.com\/embed\/M38WwYOVqr8?feature=oembed\" frameborder=\"0\" allow=\"accelerometer; autoplay; clipboard-write; encrypted-media; gyroscope; picture-in-picture; web-share\" referrerpolicy=\"strict-origin-when-cross-origin\" allowfullscreen><\/iframe>\n<\/div><\/figure>\n\n\n\n<p>Nicht heute, nicht morgen, f\u00fcr immer<\/p>\n\n\n\n<figure class=\"wp-block-embed is-type-video is-provider-youtube wp-block-embed-youtube wp-embed-aspect-16-9 wp-has-aspect-ratio\"><div class=\"wp-block-embed__wrapper\">\n<iframe loading=\"lazy\" title=\"Nicht heute, nicht morgen, f\u00fcr immer - Offizielles Musikvideo von Danny Buller\" width=\"500\" height=\"281\" src=\"https:\/\/www.youtube.com\/embed\/RfM7S5g3NIk?feature=oembed\" frameborder=\"0\" allow=\"accelerometer; autoplay; clipboard-write; encrypted-media; gyroscope; picture-in-picture; web-share\" referrerpolicy=\"strict-origin-when-cross-origin\" allowfullscreen><\/iframe>\n<\/div><\/figure>\n\n\n\n<p>Der rote Wein von M\u00e1laga<\/p>\n\n\n\n<figure class=\"wp-block-embed is-type-video is-provider-youtube wp-block-embed-youtube wp-embed-aspect-16-9 wp-has-aspect-ratio\"><div class=\"wp-block-embed__wrapper\">\n<iframe loading=\"lazy\" title=\"Danny Buller - Der rote Wein von Ma\u0301laga (Offizielles Musikvideo)\" width=\"500\" height=\"281\" src=\"https:\/\/www.youtube.com\/embed\/Wlh2GKxqLGg?feature=oembed\" frameborder=\"0\" allow=\"accelerometer; autoplay; clipboard-write; encrypted-media; gyroscope; picture-in-picture; web-share\" referrerpolicy=\"strict-origin-when-cross-origin\" allowfullscreen><\/iframe>\n<\/div><\/figure>\n\n\n\n<p>Du bist einfach sch\u00f6n<\/p>\n\n\n\n<figure class=\"wp-block-embed is-type-video is-provider-youtube wp-block-embed-youtube wp-embed-aspect-16-9 wp-has-aspect-ratio\"><div class=\"wp-block-embed__wrapper\">\n<iframe loading=\"lazy\" title=\"Danny Buller | Offizielles Musikvideo | Du bist einfach sch\u00f6n\" width=\"500\" height=\"281\" src=\"https:\/\/www.youtube.com\/embed\/wnOnwzEZrHg?feature=oembed\" frameborder=\"0\" allow=\"accelerometer; autoplay; clipboard-write; encrypted-media; gyroscope; picture-in-picture; web-share\" referrerpolicy=\"strict-origin-when-cross-origin\" allowfullscreen><\/iframe>\n<\/div><\/figure>\n\n\n\n<p>Wir tanzen Cha-Cha-Cha<\/p>\n\n\n\n<figure class=\"wp-block-embed is-type-video is-provider-youtube wp-block-embed-youtube wp-embed-aspect-16-9 wp-has-aspect-ratio\"><div class=\"wp-block-embed__wrapper\">\n<iframe loading=\"lazy\" title=\"Danny Buller - Wir tanzen Cha-Cha-Cha (Offizielles Musikvideo)\" width=\"500\" height=\"281\" src=\"https:\/\/www.youtube.com\/embed\/ILJs7BEl4iQ?feature=oembed\" frameborder=\"0\" allow=\"accelerometer; autoplay; clipboard-write; encrypted-media; gyroscope; picture-in-picture; web-share\" referrerpolicy=\"strict-origin-when-cross-origin\" allowfullscreen><\/iframe>\n<\/div><\/figure>\n\n\n\n<p>Freundschaft Plus<\/p>\n\n\n\n<figure class=\"wp-block-embed is-type-video is-provider-youtube wp-block-embed-youtube wp-embed-aspect-16-9 wp-has-aspect-ratio\"><div class=\"wp-block-embed__wrapper\">\n<iframe loading=\"lazy\" title=\"Danny Buller - Freundschaft Plus (offizielles Musikvideo)\" width=\"500\" height=\"281\" src=\"https:\/\/www.youtube.com\/embed\/-ZVxZYYTGAw?feature=oembed\" frameborder=\"0\" allow=\"accelerometer; autoplay; clipboard-write; encrypted-media; gyroscope; picture-in-picture; web-share\" referrerpolicy=\"strict-origin-when-cross-origin\" allowfullscreen><\/iframe>\n<\/div><\/figure>\n\n\n\n<p>Denn deine Liebe<\/p>\n\n\n\n<figure class=\"wp-block-embed is-type-video is-provider-youtube wp-block-embed-youtube wp-embed-aspect-16-9 wp-has-aspect-ratio\"><div class=\"wp-block-embed__wrapper\">\n<iframe loading=\"lazy\" title=\"Danny Buller - Denn Deine Liebe (Offizielles Video) 2022\" width=\"500\" height=\"281\" src=\"https:\/\/www.youtube.com\/embed\/eNfi0GkI5m8?feature=oembed\" frameborder=\"0\" allow=\"accelerometer; autoplay; clipboard-write; encrypted-media; gyroscope; picture-in-picture; web-share\" referrerpolicy=\"strict-origin-when-cross-origin\" allowfullscreen><\/iframe>\n<\/div><\/figure>\n\n\n\n<p>Viva l&#8217;amore<\/p>\n\n\n\n<figure class=\"wp-block-embed is-type-video is-provider-youtube wp-block-embed-youtube wp-embed-aspect-16-9 wp-has-aspect-ratio\"><div class=\"wp-block-embed__wrapper\">\n<iframe loading=\"lazy\" title=\"Danny Buller  mit   Viva l\u2019amore   Offizielles Musikvideo 2022\" width=\"500\" height=\"281\" src=\"https:\/\/www.youtube.com\/embed\/JbmAlfFBStE?feature=oembed\" frameborder=\"0\" allow=\"accelerometer; autoplay; clipboard-write; encrypted-media; gyroscope; picture-in-picture; web-share\" referrerpolicy=\"strict-origin-when-cross-origin\" allowfullscreen><\/iframe>\n<\/div><\/figure>\n\n\n\n<p>Zur\u00fcck nach Mallorca<\/p>\n\n\n\n<figure class=\"wp-block-embed is-type-video is-provider-youtube wp-block-embed-youtube wp-embed-aspect-16-9 wp-has-aspect-ratio\"><div class=\"wp-block-embed__wrapper\">\n<iframe loading=\"lazy\" title=\"Zuru\u0308ck nach Mallorca, Danny Buller\" width=\"500\" height=\"281\" src=\"https:\/\/www.youtube.com\/embed\/NrHtAjDIBPg?feature=oembed\" frameborder=\"0\" allow=\"accelerometer; autoplay; clipboard-write; encrypted-media; gyroscope; picture-in-picture; web-share\" referrerpolicy=\"strict-origin-when-cross-origin\" allowfullscreen><\/iframe>\n<\/div><\/figure>\n\n\n\n<p>Sag ihr auch ( ich lieb sie immer noch)<\/p>\n\n\n\n<figure class=\"wp-block-video\"><video controls src=\"http:\/\/danny-buller.com\/wp-content\/uploads\/2024\/05\/Danny-Buller-Gerd-Christian-Sag-ihr-auch-mdr-um-4.mov\"><\/video><\/figure>\n\n\n\n<p>Ich denk an dich<\/p>\n\n\n\n<figure class=\"wp-block-embed is-type-video is-provider-youtube wp-block-embed-youtube wp-embed-aspect-16-9 wp-has-aspect-ratio\"><div class=\"wp-block-embed__wrapper\">\n<iframe loading=\"lazy\" title=\"Danny Buller - Ich denk an Dich (Offizielles Video)\" width=\"500\" height=\"281\" src=\"https:\/\/www.youtube.com\/embed\/IZa1a-8yZTQ?feature=oembed\" frameborder=\"0\" allow=\"accelerometer; autoplay; clipboard-write; encrypted-media; gyroscope; picture-in-picture; web-share\" referrerpolicy=\"strict-origin-when-cross-origin\" allowfullscreen><\/iframe>\n<\/div><\/figure>\n\n\n\n<p>Fliegen<\/p>\n\n\n\n<figure class=\"wp-block-embed is-type-video is-provider-youtube wp-block-embed-youtube wp-embed-aspect-16-9 wp-has-aspect-ratio\"><div class=\"wp-block-embed__wrapper\">\n<iframe loading=\"lazy\" title=\"Danny Buller, Fliegen\" width=\"500\" height=\"281\" src=\"https:\/\/www.youtube.com\/embed\/uC_2-ROpDDc?feature=oembed\" frameborder=\"0\" allow=\"accelerometer; autoplay; clipboard-write; encrypted-media; gyroscope; picture-in-picture; web-share\" referrerpolicy=\"strict-origin-when-cross-origin\" allowfullscreen><\/iframe>\n<\/div><\/figure>\n\n\n\n<p>Danke<\/p>\n\n\n\n<figure class=\"wp-block-embed is-type-video is-provider-youtube wp-block-embed-youtube wp-embed-aspect-16-9 wp-has-aspect-ratio\"><div class=\"wp-block-embed__wrapper\">\n<iframe loading=\"lazy\" title=\"Danny Buller, Danke (Offizielles Video)\" width=\"500\" height=\"281\" src=\"https:\/\/www.youtube.com\/embed\/FxnXihmsb20?feature=oembed\" frameborder=\"0\" allow=\"accelerometer; autoplay; clipboard-write; encrypted-media; gyroscope; picture-in-picture; web-share\" referrerpolicy=\"strict-origin-when-cross-origin\" allowfullscreen><\/iframe>\n<\/div><\/figure>\n","protected":false},"excerpt":{"rendered":"<p>Zwei Menschen unter Millionen Nicht heute, nicht morgen, f\u00fcr immer Der rote Wein von M\u00e1laga Du bist einfach sch\u00f6n Wir tanzen Cha-Cha-Cha Freundschaft Plus Denn&#8230;<\/p>\n<div class=\"more-link-wrapper\"><a class=\"more-link\" href=\"http:\/\/danny-buller.com\/?page_id=1019\">Weiterlesen<span class=\"screen-reader-text\">VIDEOS<\/span><\/a><\/div>\n","protected":false},"author":1,"featured_media":0,"parent":0,"menu_order":0,"comment_status":"closed","ping_status":"closed","template":"","meta":{"jetpack_post_was_ever_published":false,"footnotes":""},"class_list":["post-1019","page","type-page","status-publish","hentry","entry"],"jetpack_sharing_enabled":true,"_links":{"self":[{"href":"http:\/\/danny-buller.com\/index.php?rest_route=\/wp\/v2\/pages\/1019","targetHints":{"allow":["GET"]}}],"collection":[{"href":"http:\/\/danny-buller.com\/index.php?rest_route=\/wp\/v2\/pages"}],"about":[{"href":"http:\/\/danny-buller.com\/index.php?rest_route=\/wp\/v2\/types\/page"}],"author":[{"embeddable":true,"href":"http:\/\/danny-buller.com\/index.php?rest_route=\/wp\/v2\/users\/1"}],"replies":[{"embeddable":true,"href":"http:\/\/danny-buller.com\/index.php?rest_route=%2Fwp%2Fv2%2Fcomments&post=1019"}],"version-history":[{"count":11,"href":"http:\/\/danny-buller.com\/index.php?rest_route=\/wp\/v2\/pages\/1019\/revisions"}],"predecessor-version":[{"id":2126,"href":"http:\/\/danny-buller.com\/index.php?rest_route=\/wp\/v2\/pages\/1019\/revisions\/2126"}],"wp:attachment":[{"href":"http:\/\/danny-buller.com\/index.php?rest_route=%2Fwp%2Fv2%2Fmedia&parent=1019"}],"curies":[{"name":"wp","href":"https:\/\/api.w.org\/{rel}","templated":true}]}}

<p>Zwei Menschen unter Millionen</p>



<figure class="wp-block-embed is-type-video is-provider-youtube wp-block-embed-youtube wp-embed-aspect-16-9 wp-has-aspect-ratio"><div class="wp-block-embed__wrapper">
<iframe loading="lazy" title="Zwei Menschen unter Millionen | Danny Buller | Offizielles Musikvideo | Lieblingsschlager" width="500" height="281" src="https://www.youtube.com/embed/M38WwYOVqr8?feature=oembed" frameborder="0" allow="accelerometer; autoplay; clipboard-write; encrypted-media; gyroscope; picture-in-picture; web-share" referrerpolicy="strict-origin-when-cross-origin" allowfullscreen></iframe>
</div></figure>



<p>Nicht heute, nicht morgen, für immer</p>



<figure class="wp-block-embed is-type-video is-provider-youtube wp-block-embed-youtube wp-embed-aspect-16-9 wp-has-aspect-ratio"><div class="wp-block-embed__wrapper">
<iframe loading="lazy" title="Nicht heute, nicht morgen, für immer - Offizielles Musikvideo von Danny Buller" width="500" height="281" src="https://www.youtube.com/embed/RfM7S5g3NIk?feature=oembed" frameborder="0" allow="accelerometer; autoplay; clipboard-write; encrypted-media; gyroscope; picture-in-picture; web-share" referrerpolicy="strict-origin-when-cross-origin" allowfullscreen></iframe>
</div></figure>



<p>Der rote Wein von Málaga</p>



<figure class="wp-block-embed is-type-video is-provider-youtube wp-block-embed-youtube wp-embed-aspect-16-9 wp-has-aspect-ratio"><div class="wp-block-embed__wrapper">
<iframe loading="lazy" title="Danny Buller - Der rote Wein von Málaga (Offizielles Musikvideo)" width="500" height="281" src="https://www.youtube.com/embed/Wlh2GKxqLGg?feature=oembed" frameborder="0" allow="accelerometer; autoplay; clipboard-write; encrypted-media; gyroscope; picture-in-picture; web-share" referrerpolicy="strict-origin-when-cross-origin" allowfullscreen></iframe>
</div></figure>



<p>Du bist einfach schön</p>



<figure class="wp-block-embed is-type-video is-provider-youtube wp-block-embed-youtube wp-embed-aspect-16-9 wp-has-aspect-ratio"><div class="wp-block-embed__wrapper">
<iframe loading="lazy" title="Danny Buller | Offizielles Musikvideo | Du bist einfach schön" width="500" height="281" src="https://www.youtube.com/embed/wnOnwzEZrHg?feature=oembed" frameborder="0" allow="accelerometer; autoplay; clipboard-write; encrypted-media; gyroscope; picture-in-picture; web-share" referrerpolicy="strict-origin-when-cross-origin" allowfullscreen></iframe>
</div></figure>



<p>Wir tanzen Cha-Cha-Cha</p>



<figure class="wp-block-embed is-type-video is-provider-youtube wp-block-embed-youtube wp-embed-aspect-16-9 wp-has-aspect-ratio"><div class="wp-block-embed__wrapper">
<iframe loading="lazy" title="Danny Buller - Wir tanzen Cha-Cha-Cha (Offizielles Musikvideo)" width="500" height="281" src="https://www.youtube.com/embed/ILJs7BEl4iQ?feature=oembed" frameborder="0" allow="accelerometer; autoplay; clipboard-write; encrypted-media; gyroscope; picture-in-picture; web-share" referrerpolicy="strict-origin-when-cross-origin" allowfullscreen></iframe>
</div></figure>



<p>Freundschaft Plus</p>



<figure class="wp-block-embed is-type-video is-provider-youtube wp-block-embed-youtube wp-embed-aspect-16-9 wp-has-aspect-ratio"><div class="wp-block-embed__wrapper">
<iframe loading="lazy" title="Danny Buller - Freundschaft Plus (offizielles Musikvideo)" width="500" height="281" src="https://www.youtube.com/embed/-ZVxZYYTGAw?feature=oembed" frameborder="0" allow="accelerometer; autoplay; clipboard-write; encrypted-media; gyroscope; picture-in-picture; web-share" referrerpolicy="strict-origin-when-cross-origin" allowfullscreen></iframe>
</div></figure>



<p>Denn deine Liebe</p>



<figure class="wp-block-embed is-type-video is-provider-youtube wp-block-embed-youtube wp-embed-aspect-16-9 wp-has-aspect-ratio"><div class="wp-block-embed__wrapper">
<iframe loading="lazy" title="Danny Buller - Denn Deine Liebe (Offizielles Video) 2022" width="500" height="281" src="https://www.youtube.com/embed/eNfi0GkI5m8?feature=oembed" frameborder="0" allow="accelerometer; autoplay; clipboard-write; encrypted-media; gyroscope; picture-in-picture; web-share" referrerpolicy="strict-origin-when-cross-origin" allowfullscreen></iframe>
</div></figure>



<p>Viva l&#8217;amore</p>



<figure class="wp-block-embed is-type-video is-provider-youtube wp-block-embed-youtube wp-embed-aspect-16-9 wp-has-aspect-ratio"><div class="wp-block-embed__wrapper">
<iframe loading="lazy" title="Danny Buller  mit   Viva l’amore   Offizielles Musikvideo 2022" width="500" height="281" src="https://www.youtube.com/embed/JbmAlfFBStE?feature=oembed" frameborder="0" allow="accelerometer; autoplay; clipboard-write; encrypted-media; gyroscope; picture-in-picture; web-share" referrerpolicy="strict-origin-when-cross-origin" allowfullscreen></iframe>
</div></figure>



<p>Zurück nach Mallorca</p>



<figure class="wp-block-embed is-type-video is-provider-youtube wp-block-embed-youtube wp-embed-aspect-16-9 wp-has-aspect-ratio"><div class="wp-block-embed__wrapper">
<iframe loading="lazy" title="Zurück nach Mallorca, Danny Buller" width="500" height="281" src="https://www.youtube.com/embed/NrHtAjDIBPg?feature=oembed" frameborder="0" allow="accelerometer; autoplay; clipboard-write; encrypted-media; gyroscope; picture-in-picture; web-share" referrerpolicy="strict-origin-when-cross-origin" allowfullscreen></iframe>
</div></figure>



<p>Sag ihr auch ( ich lieb sie immer noch)</p>



<figure class="wp-block-video"><video controls src="http://danny-buller.com/wp-content/uploads/2024/05/Danny-Buller-Gerd-Christian-Sag-ihr-auch-mdr-um-4.mov"></video></figure>



<p>Ich denk an dich</p>



<figure class="wp-block-embed is-type-video is-provider-youtube wp-block-embed-youtube wp-embed-aspect-16-9 wp-has-aspect-ratio"><div class="wp-block-embed__wrapper">
<iframe loading="lazy" title="Danny Buller - Ich denk an Dich (Offizielles Video)" width="500" height="281" src="https://www.youtube.com/embed/IZa1a-8yZTQ?feature=oembed" frameborder="0" allow="accelerometer; autoplay; clipboard-write; encrypted-media; gyroscope; picture-in-picture; web-share" referrerpolicy="strict-origin-when-cross-origin" allowfullscreen></iframe>
</div></figure>



<p>Fliegen</p>



<figure class="wp-block-embed is-type-video is-provider-youtube wp-block-embed-youtube wp-embed-aspect-16-9 wp-has-aspect-ratio"><div class="wp-block-embed__wrapper">
<iframe loading="lazy" title="Danny Buller, Fliegen" width="500" height="281" src="https://www.youtube.com/embed/uC_2-ROpDDc?feature=oembed" frameborder="0" allow="accelerometer; autoplay; clipboard-write; encrypted-media; gyroscope; picture-in-picture; web-share" referrerpolicy="strict-origin-when-cross-origin" allowfullscreen></iframe>
</div></figure>



<p>Danke</p>



<figure class="wp-block-embed is-type-video is-provider-youtube wp-block-embed-youtube wp-embed-aspect-16-9 wp-has-aspect-ratio"><div class="wp-block-embed__wrapper">
<iframe loading="lazy" title="Danny Buller, Danke (Offizielles Video)" width="500" height="281" src="https://www.youtube.com/embed/FxnXihmsb20?feature=oembed" frameborder="0" allow="accelerometer; autoplay; clipboard-write; encrypted-media; gyroscope; picture-in-picture; web-share" referrerpolicy="strict-origin-when-cross-origin" allowfullscreen></iframe>
</div></figure>

<p>Zwei Menschen unter Millionen Nicht heute, nicht morgen, für immer Der rote Wein von Málaga Du bist einfach schön Wir tanzen Cha-Cha-Cha Freundschaft Plus Denn&#8230;</p>
<div class="more-link-wrapper"><a class="more-link" href="http://danny-buller.com/?page_id=1019">Weiterlesen<span class="screen-reader-text">VIDEOS</span></a></div>
