{"id":29,"date":"2019-01-28T13:16:29","date_gmt":"2019-01-28T13:16:29","guid":{"rendered":"http:\/\/danny-buller.com\/?page_id=29"},"modified":"2024-04-29T07:13:06","modified_gmt":"2024-04-29T07:13:06","slug":"ueber-mich","status":"publish","type":"page","link":"http:\/\/danny-buller.com\/?page_id=29","title":{"rendered":"BIOGRAPHIE"},"content":{"rendered":"\n<p>Danny Buller lebt mit seiner Familie auf dem Land in Norddeutschland. 1990 begann er mit seiner ersten Band seine musikalische Karriere. Heute kann Danny Buller sich \u00fcber ausverkaufte H\u00e4user, zahlreiche Buchungen, sowie seine Alben &amp; seine ver\u00f6ffentlichen Singles freuen.<\/p>\n\n\n\n<h2 class=\"wp-block-heading has-text-align-center\">DIE FR\u00dcHEN JAHRE (1990-2005)<\/h2>\n\n\n\n<p>Doch wie begann die Karriere von Danny Buller? Ein Blick zur\u00fcck. Der Anfang f\u00fchrt in die 80er Jahre. Als Sohn eines Musikers erlernte er fr\u00fch das Klavierspielen am Konservatorium. Anfang der 90er stand Danny Buller neben seiner Arbeit an den Wochenenden regelm\u00e4\u00dfig mit seiner eigenen Band auf der B\u00fchne. Musik zu machen ist schon damals seine gro\u00dfe Leidenschaft. Agenturen werden aufmerksam und es entwickelt sich eine Kontinuit\u00e4t die bis heute erfolgreich anh\u00e4lt.<\/p>\n\n\n\n<h2 class=\"wp-block-heading has-text-align-center\">DIE J\u00dcNGERE VERGANGENHEIT (HEUTE)<\/h2>\n\n\n\n<p>Heute ist Danny Buller als Solo-K\u00fcnstler &amp; mit seiner Band auf Tour. Gern reagiert er hin &amp; wieder spontan und verw\u00f6hnt im passenden Moment seine manchmal \u00e4lteren Zuh\u00f6rer mit einem Lied aus der volkst\u00fcmlichen Musik. Das Leuchten in den Augen seiner G\u00e4ste in diesen Momenten \u2013 unbezahlbar.<\/p>\n\n\n\n<h2 class=\"wp-block-heading has-text-align-center\">BUNDESVERDIENSTKREUZ<\/h2>\n\n\n\n<p>Danny Buller erhielt f\u00fcr sein au\u00dfergew\u00f6hnliches, soziales Engagement die h\u00f6chste Auszeichnung der Bundesrepublik Deutschland. Feierlich und in Anerkennung der um Volk und Staat erworbenen besonderen Verdienste, wurde ihm der <em>Verdienstorden der Bundesrepublik Deutschland<\/em> verliehen.<\/p>\n\n\n\n<p>Der Verdienstorden der Bundesrepublik Deutschland oder umgangssprachlich Bundesverdienstkreuz, ist die h\u00f6chste Auszeichnung der Bundesrepublik Deutschland.<\/p>\n\n\n\n<h2 class=\"wp-block-heading has-text-align-center\">WAS MACHT IHN GANZ BESONDERS AUS <\/h2>\n\n\n\n<p>Es ist seine W\u00e4rme, seine Echtheit, seine Authenzit\u00e4t. \u201eDas merken die Menschen\u201c, sagt Danny und erg\u00e4nzt: &#8222;Das Wichtigste ist, die Freiheit zu haben, man selbst zu sein. Ich glaube nicht, dass man mit dieser Intensit\u00e4t und Kontinuit\u00e4t Musik machen kann, wenn man sich st\u00e4ndig \u00fcberlegen muss, wer man eigentlich ist und welche Rolle man aus\u00fcben will.&#8220; <\/p>\n\n\n\n<p>Das Pendeln zwischen den Welten kennt er auch aus anderen Lebensbereichen. Da sind zum einen die Live-Konzerte mit vielen G\u00e4sten und zum anderen die sehr ruhigen Momente auf dem Land. &#8222;Das ist genau meine Welt, so wie ich mich am wohlsten f\u00fchle. Ich habe hier mein Paradies, meinen R\u00fcckzugsort gefunden. Ich kann so sein wie ich bin. Ob beim Tiere f\u00fcttern oder Holzhacken&#8230; Und dann dieses Gef\u00fchl auf Tour zu sein, meinen Traum zu leben und die Menschen mitzunehmen, das gibt mir meine Mitte.&#8220;<\/p>\n\n\n\n<p>Als sympathisch &amp; charmant beschreibt ihn die Presse. Seine Lieder kommen direkt aus dem Herzen, sagt der Romantiker.<\/p>\n\n\n\n<p>Mit Danny Buller begr\u00fc\u00dfen viele Veranstalter einen gern gesehenen Gast auf ihren Veranstaltungen, der die Herzen seines Publikums immer wieder zum Schmelzen bringt und somit ein Garant f\u00fcr ein warmes Herz auch in der k\u00fchleren Jahreszeit ist.<\/p>\n\n\n\n<p><\/p>\n","protected":false},"excerpt":{"rendered":"<p>Danny Buller lebt mit seiner Familie auf dem Land in Norddeutschland. 1990 begann er mit seiner ersten Band seine musikalische Karriere. Heute kann Danny Buller&#8230;<\/p>\n<div class=\"more-link-wrapper\"><a class=\"more-link\" href=\"http:\/\/danny-buller.com\/?page_id=29\">Weiterlesen<span class=\"screen-reader-text\">BIOGRAPHIE<\/span><\/a><\/div>\n","protected":false},"author":1,"featured_media":47,"parent":0,"menu_order":0,"comment_status":"closed","ping_status":"closed","template":"","meta":{"jetpack_post_was_ever_published":false,"footnotes":""},"class_list":["post-29","page","type-page","status-publish","has-post-thumbnail","hentry","entry"],"jetpack_sharing_enabled":true,"_links":{"self":[{"href":"http:\/\/danny-buller.com\/index.php?rest_route=\/wp\/v2\/pages\/29","targetHints":{"allow":["GET"]}}],"collection":[{"href":"http:\/\/danny-buller.com\/index.php?rest_route=\/wp\/v2\/pages"}],"about":[{"href":"http:\/\/danny-buller.com\/index.php?rest_route=\/wp\/v2\/types\/page"}],"author":[{"embeddable":true,"href":"http:\/\/danny-buller.com\/index.php?rest_route=\/wp\/v2\/users\/1"}],"replies":[{"embeddable":true,"href":"http:\/\/danny-buller.com\/index.php?rest_route=%2Fwp%2Fv2%2Fcomments&post=29"}],"version-history":[{"count":27,"href":"http:\/\/danny-buller.com\/index.php?rest_route=\/wp\/v2\/pages\/29\/revisions"}],"predecessor-version":[{"id":1534,"href":"http:\/\/danny-buller.com\/index.php?rest_route=\/wp\/v2\/pages\/29\/revisions\/1534"}],"wp:featuredmedia":[{"embeddable":true,"href":"http:\/\/danny-buller.com\/index.php?rest_route=\/wp\/v2\/media\/47"}],"wp:attachment":[{"href":"http:\/\/danny-buller.com\/index.php?rest_route=%2Fwp%2Fv2%2Fmedia&parent=29"}],"curies":[{"name":"wp","href":"https:\/\/api.w.org\/{rel}","templated":true}]}}